t l(f) = -f + 1. Let h be (19/38)/((6/8)/3). Suppose 0 = 2*v - 7*v + 15. Suppose v*o - c = c + 21, 19 = 5*o + h*c. Determine l(o).
-4
Let m(j) = -j - 2. Suppose -6*g + 3*x - 45 = -g, -3*x = 2*g - 3. Calculate m(g).
4
Let u(x) be the second derivative of -x**3/6 + 4*x**2 + x - 30. What is u(13)?
-5
Let n(v) = -6*v - 3. Let s(p) = -p**3 + 15*p**2 - 14*p - 3. Let g be s(14). Determine n(g).
15
Let r(z) = -z**2 + 2*z - 1. Let p(x) = x**2 + x + 1. Let s be 0*(-1 + -2)/(-3). Let j be p(s). What is r(j)?
0
Let f(z) = -z**3 - z**2 + 6*z + 3. Let q be f(-3). Let t(h) be the second derivative of -1/2*h**2 - 7/6*h**q + 2*h + 0. Determine t(1).
-8
Suppose 0 = 3*v + 5*i + 18, v = 4*v + i + 18. Let d(k) = k**2 - 1. Let j(m) = -m**3 - 8*m**2 + 8*m + 9. Let a(u) = 3*d(u) + j(u). Determine a(v).
-6
Let n(t) = -t**3 - 5*t**2 - 3*t - 5. Let h(s) be the second derivative of -1/12*s**4 + 5/3*s**3 - 13/2*s**2 + 0 - 2*s. Let c be h(9). Determine n(c).
-9
Let a(t) be the second derivative of -t**5/20 + t**4/3 - t**3/2 - 2*t**2 + 56*t. Give a(3).
-4
Let s(y) = 11*y + 160. Let d be s(-14). Let j(r) = 0*r**2 + r**2 + 3 - 9*r + 5. What is j(d)?
-10
Let t(i) = -i**3 - 3*i**2 - 4*i - 3. Let c(b) = b**3 - 7*b**2 + 4*b + 1. Let f be c(6). Let x = f + 9. What is t(x)?
1
Let l(a) be the second derivative of a**8/6720 + a**7/504 + a**6/240 + 7*a**5/120 - 7*a**4/12 + a. Let o(y) be the third derivative of l(y). Determine o(-5).
-8
Let b(x) be the third derivative of 5*x**4/24 - x**3/6 + 22*x**2. Determine b(-1).
-6
Let f(q) = 2*q + 12. Suppose 2 = 5*m + 22, 21 = -y - 3*m. Determine f(y).
-6
Let f(q) be the second derivative of q**4/12 - q**3/3 - 5*q**2/2 - 8*q. Suppose 0*a - 2*a = -8. Determine f(a).
3
Let b(q) = -q**3 - 10*q**2 + 12*q + 13. Let v be b(-11). Let h be v*(3/(-2))/(-3). Let s(y) = -3*y**2 - y. Give s(h).
-4
Let q(h) = 3*h**2 - h. Let r(x) = -x**2 + x. Let k(p) = q(p) + 2*r(p). Suppose -4*z = 2*j + 4, 1 = 3*j + 3*z + 4. What is k(j)?
0
Suppose -5*u + 10*u + c + 16 = 0, -5*c = -4*u - 7. Let z(r) be the third derivative of -r**6/120 - r**5/30 + r**4/12 + r**3/3 + r**2. Calculate z(u).
5
Let v(l) be the second derivative of 0 - 5*l + 1/6*l**3 - 1/2*l**2. What is v(0)?
-1
Suppose 2 = -5*v + 12. Let a(z) be the second derivative of z**4/24 - z**3/2 - z**2/2 + 2*z. Let n(c) be the first derivative of a(c). Give n(v).
-1
Let c = 27 - 26. Let v(k) = 7*k**3 - 1. Calculate v(c).
6
Let u(p) = p**3 - 8*p**2 + 6*p + 4. Let s be u(7). Let k be s + (13 - 4) + -3. Let t(h) = h**3 - 3*h**2 - h + 2. Determine t(k).
-1
Let s(g) be the third derivative of g**4/24 + g**3/6 - 23*g**2. Determine s(-3).
-2
Let j be 1/4 + 2/24. Let b(p) be the third derivative of p**2 + 5/24*p**4 + 0 - 1/60*p**5 + 0*p + j*p**3. What is b(6)?
-4
Let v(t) = -6*t + 35. Let x be v(6). Let h(c) = -12*c + 1. Determine h(x).
13
Let q(s) = -5*s**3 - 1 + 2*s**2 + 0*s**2 + s**3. Determine q(-1).
5
Suppose -9*t - 22 = 32. Let m(g) = -g**3 - 5*g**2 + 3*g - 6. Calculate m(t).
12
Suppose -10 + 4 = -6*i. Let m(b) = 4*b + 1. Determine m(i).
5
Let k(c) = -2*c - 1. Let a(t) = t**3 - 4*t**2 - 3*t + 6. Let p be a(4). Let h(s) = s + 1. Let y(f) = p*h(f) - 7*k(f). What is y(1)?
9
Let a = -3 - -6. Let h(u) = 47*u**2 - 87*u**2 + 4*u + 0 - 1 + 38*u**2. What is h(a)?
-7
Let z(l) be the first derivative of -l**2/2 - l - 13. Calculate z(0).
-1
Let g be (-2)/(-6)*(-6 - -6). Let r(m) = m**2 - m - 15. Calculate r(g).
-15
Let s(g) be the second derivative of -g**3/6 - 2*g**2 + 4*g. Calculate s(-6).
2
Let a(m) = m**3 - 3*m**2 - m - 3. Let o = 10 - 4. Let y(d) = 3*d - 15. Let g be y(o). Determine a(g).
-6
Suppose -3*n = -3*w + 3, -2*n - 11 = w - 0*w. Let k(m) be the first derivative of 1 + 2*m + 1/3*m**3 + 1/2*m**2. Calculate k(w).
8
Let k(z) be the second derivative of 0 + 3*z + 1/2*z**2 - 2*z**3. What is k(1)?
-11
Let s(r) = 3 + 2 + 2*r - 5. Determine s(3).
6
Let m(n) = n - 7. Let p be 8/(-12) - (-8)/12. Calculate m(p).
-7
Let v(z) = 3*z - 1 - 4*z + 0. Suppose -3*h = -l + 12, 2*h = 4*l - 3*h - 27. Let m = -3 + l. Give v(m).
-1
Let u be (2/(-8))/((-1)/16). Let a(n) = n**3 - 6*n**2 - 3*n - 7. Let b(k) = k**2 + 1. Let z(j) = a(j) + 3*b(j). Calculate z(u).
0
Let p(o) be the third derivative of o**5/60 + o**4/12 + 3*o**2. Let y be (-24)/20*(-5)/(-2). Calculate p(y).
3
Let a(o) be the second derivative of -o**5/20 - o**4/4 - o**3/3 + 3*o**2/2 - o. Let f = -3 + -1. Let x be ((-3)/2)/(f/(-8)). Give a(x).
9
Let z = 85 + -49. Let l be ((-5)/2)/((-15)/z). Let s(v) = v**2 - 5*v - 1. Determine s(l).
5
Let x(g) be the first derivative of g**2/2 - 3. Give x(0).
0
Suppose -3 = 2*j - 5*j. Let l(t) = -2*t + j + 2*t - 3*t + 5*t. Give l(2).
5
Let b(p) = -74 - p + 34 + 37. Give b(4).
-7
Let r = -7 + 7. Let b(n) be the third derivative of -n**4/24 - 5*n**3/6 + 6*n**2. What is b(r)?
-5
Suppose 0 = 2*m - 0*m + b - 6, -b = -2*m + 14. Let o(r) = -r**2 - 10*r - 2. Let k be o(-9). Let h(z) = 6*z + 8*z**2 + k - 4*z**2 - 2*z - z**3. Calculate h(m).
2
Let m(s) = -s**3 - 5*s**2 - 3*s + 2. Let c = 56 - 40. Suppose 0 = -3*n - c + 1. Let k = n + 2. Give m(k).
-7
Let r(d) = d - 1. Let i be r(0). Let b be (3/i + 3)*-1. Let j(h) = 5 + 0*h + h - 2 - 5. Give j(b).
-2
Let q(z) = -7*z. Let w = 2 + -8. Let o(a) = -a - 1. Let c(t) = w*o(t) + q(t). Let g(n) = 5*n. Let l be g(1). Determine c(l).
1
Let r = -43 + 43. Let a(x) = 3*x + x - 5*x. What is a(r)?
0
Let d(i) = 6*i + 1. Let n(t) = -t**3 + 22*t**2 - 2. Let p be n(22). Give d(p).
-11
Let i(m) = -2 + 4 - 6*m + 4*m**2 + 0*m**3 + m**3. Let w(j) = j**2 - j + 2. Let y be w(-4). Suppose -d = -5*n - y, n - 4*d = d + 10. What is i(n)?
7
Let l(g) = g**3 - 3*g**2 - 2*g - 6. Let s be l(4). Suppose -2*c - s*c - 12 = 0. Let q(m) be the first derivative of m**2/2 - 1. What is q(c)?
-3
Suppose b - 1 = -s, 2*s + 2*s = -3*b + 6. Let n(a) = 3*a - 4*a**2 + a - 1 + 3*a**2. Calculate n(s).
2
Let t(u) = u**2 + 6*u - 10. Let s be t(-8). Let a(y) = y**3 - 5*y**2 - 6*y - 3. Give a(s).
-3
Let t(k) = k**2 - 2*k - 1. Let g be t(3). Let j(y) = g*y - 1 - 5 + 6*y**2 + y**3 + 2*y. Suppose 6 = -2*v - 5*m + 1, -9 = 2*v + m. Calculate j(v).
-1
Let z(s) = 4*s**2 - 5. Suppose 0 = -4*h + 7 - 27. Suppose q = -3*q + 4. Let f(m) = m**2 + m. Let y(w) = h*f(w) + q*z(w). Calculate y(-5).
-5
Let d(c) = -4*c - 3. Suppose 3*f + 2*q = 5*f + 4, 3*q + 15 = -4*f. Determine d(f).
9
Let x(u) = -7*u + 6. Let w(h) = h**2 - 5*h - 1. Let g be w(6). Let z(d) = -6*d + 5. Let r(f) = g*x(f) - 6*z(f). Calculate r(-4).
-4
Let m(s) = 3*s**2 + 7*s**2 + 3 - 4. Let x(z) = z**3 + z**2 - 8*z - 5. Let t be x(-3). Give m(t).
9
Let f(r) = -9*r + 158. Let u be f(18). Let n(m) = 2*m**2 - 5*m - 3*m**2 + 0*m**2. Determine n(u).
4
Let y(k) = -k - 4 + 3 - 3 + 5. What is y(3)?
-2
Let z(f) = -f - 4. Suppose -14 - 2 = -4*j - 2*l, 5*j + 5*l = 30. Suppose h + 5*t = -22, 0 - 1 = -j*h - t. Let g = -1 - h. Give z(g).
0
Let v(u) = u**2 + 3*u - 7. Let n be v(-4). Let w(y) = 2*y**2 + 5*y + 2. Calculate w(n).
5
Let a(p) = -p + 3. Let k(g) = -2*g + 5 + 4 - 4 + 3. Let x(l) = 11*a(l) - 4*k(l). Calculate x(4).
-11
Let o(i) = -2*i**2 + 4*i - 1. Suppose 4 = -8*y + 36. Determine o(y).
-17
Let w be 3 + 1 - (-9 + 12). Let q(c) = -c**2 - 2*c + 1. Let p be q(w). Let r(i) = 5*i + 1. Give r(p).
-9
Let d(a) be the first derivative of 3*a**4/2 - 10*a**3/3 + 1. Let n = -129 - -128. Let s(o) = -o**3 + o**2 + o - 1. Let i(q) = n*d(q) - 5*s(q). What is i(4)?
1
Let b(t) = -t**2 - 6*t + 3. Let n be b(-6). Let v(y) = y**n - 5*y**3 + 5*y**3 - y + 3 - 4*y**2. Calculate v(4).
-1
Let x(a) = a**2 - 3 - 4 + 1 - 7*a - 2*a**2. Let n be x(-5). Let r(q) = -2*q - 4. Determine r(n).
-12
Suppose -5*a - 13 = -4*c, -3*c - 1 = 5*a - 2. Let o be (-3 - (-6)/4)*c. Let i(w) = -w. What is i(o)?
3
Let f = 8 + -12. Let q(b) be the second derivative of -b - 1/4*b**4 + 0 - 1/20*b**5 + 5/2*b**2 + b**3. Give q(f).
-3
Suppose 7 = 4*b + 39. Let h(u) = -u**3 - 7*u**2 + 8*u + 5. Let g be h(b). Suppose g*w + 3 = -17. Let n(v) = 4*v + 5. Determine n(w).
-11
Let d(j) be the third derivative of -j**4/24 - 11*j**2. Calculate d(0).
0
Let g(p) = -p. Let o be g(6). Let u(y) = -y**2 - 4*y + 7. Let l be u(o). Let k(b) = -2*b + 2. Give k(l).
12
Let r(d) = -d**3 - 6*d**2 - 4*d - 8. Suppose 0*j - 2*j - 12 = 0. Calculate r(j).
16
Suppose -2*p + 5*y - 17 = -p, 0 = 5*p - 3*y - 3. 